{"id":871,"date":"2020-08-26T19:42:50","date_gmt":"2020-08-26T19:42:50","guid":{"rendered":"http:\/\/www.mein-kundalini-tagebuch.de\/?page_id=871"},"modified":"2020-08-26T19:42:51","modified_gmt":"2020-08-26T19:42:51","slug":"dank-corona-der-ausstieg-aus-dem-trubel","status":"publish","type":"page","link":"http:\/\/priya.yoga\/priya\/dank-corona-der-ausstieg-aus-dem-trubel\/","title":{"rendered":"Dank Corona der Ausstieg aus dem Trubel"},"content":{"rendered":"\n<p>Obwohl mir schon lange bekannt ist, dass Meditation eine \u00fcberaus positive Wirkung auf K\u00f6rper und Geist hat, habe ich in der Vergangenheit immer wieder gute Ausreden gefunden, warum gerade jetzt das Meditieren nicht passt. Zu m\u00fcde, zu abgelenkt, zu irgendwas&#8230;.<\/p>\n\n\n\n<p>Durch das Praktizieren von Kundalini Yoga seit November 2019 in Verbindung mit dem Shut Down w\u00e4hrend der Corona-Zeit habe ich den Willen und die n\u00f6tige Ruhe, um in einen Zustand von Dhyana (Meditation mit Gedanken) mit gelegentlichen Ausfl\u00fcgen in den Zustand von Shunyia (gedankenlose Stille) einzutreten. Nach einer Meditation f\u00fchle ich mich ausgeglichen und energetisch angehoben.<\/p>\n\n\n\n<p>Es entstehen aber auch immer wieder lichte Momente in denen sich Einsichten \u00fcber meine wahre Natur ergeben. Ich erkenne langsam, dass alles von und durch Gott kommt. Formen entstehen und l\u00f6sen sich auf. Lediglich meine N\u00e4he zu den Dingen ver\u00e4ndert sich. Es ist nicht mein Leben, nicht meine Kinder, nicht mein Auto. Es sind lebendige Formen mit deinen ich eine Erfahrung mache. Nicht ich handle, sondern Gott handelt durch mich hindurch. Diese Sichtweise schaftt eine gesunde Distanz, die mich frei und unabh\u00e4ngig macht. <\/p>\n","protected":false},"excerpt":{"rendered":"<p>Obwohl mir schon lange bekannt ist, dass Meditation eine \u00fcberaus positive Wirkung auf K\u00f6rper und Geist hat, habe ich in der Vergangenheit immer wieder gute Ausreden gefunden, warum gerade jetzt das Meditieren nicht passt. Zu m\u00fcde, zu abgelenkt, zu irgendwas&#8230;. Durch das Praktizieren von Kundalini Yoga seit November 2019 in Verbindung mit dem Shut Down &hellip; <\/p>\n<p class=\"link-more\"><a href=\"http:\/\/priya.yoga\/priya\/dank-corona-der-ausstieg-aus-dem-trubel\/\" class=\"more-link\"><span class=\"screen-reader-text\">\u201eDank Corona der Ausstieg aus dem Trubel\u201c <\/span>weiterlesen<\/a><\/p>\n","protected":false},"author":1,"featured_media":0,"parent":0,"menu_order":0,"comment_status":"closed","ping_status":"closed","template":"","meta":{"footnotes":""},"class_list":["post-871","page","type-page","status-publish","hentry"],"_links":{"self":[{"href":"http:\/\/priya.yoga\/priya\/wp-json\/wp\/v2\/pages\/871","targetHints":{"allow":["GET"]}}],"collection":[{"href":"http:\/\/priya.yoga\/priya\/wp-json\/wp\/v2\/pages"}],"about":[{"href":"http:\/\/priya.yoga\/priya\/wp-json\/wp\/v2\/types\/page"}],"author":[{"embeddable":true,"href":"http:\/\/priya.yoga\/priya\/wp-json\/wp\/v2\/users\/1"}],"replies":[{"embeddable":true,"href":"http:\/\/priya.yoga\/priya\/wp-json\/wp\/v2\/comments?post=871"}],"version-history":[{"count":0,"href":"http:\/\/priya.yoga\/priya\/wp-json\/wp\/v2\/pages\/871\/revisions"}],"wp:attachment":[{"href":"http:\/\/priya.yoga\/priya\/wp-json\/wp\/v2\/media?parent=871"}],"curies":[{"name":"wp","href":"https:\/\/api.w.org\/{rel}","templated":true}]}}