{"id":10565,"date":"2023-10-10T14:16:14","date_gmt":"2023-10-10T14:16:14","guid":{"rendered":"http:\/\/priya.yoga\/priya\/?page_id=10565"},"modified":"2026-01-02T19:41:11","modified_gmt":"2026-01-02T19:41:11","slug":"sat-nam-rasayan","status":"publish","type":"page","link":"https:\/\/priya.yoga\/priya\/sat-nam-rasayan\/","title":{"rendered":"Yogische Energiearbeit: Sat Nam Rasayan"},"content":{"rendered":"\t\t<div data-elementor-type=\"wp-page\" data-elementor-id=\"10565\" class=\"elementor elementor-10565\" data-elementor-settings=\"{&quot;ha_cmc_init_switcher&quot;:&quot;no&quot;}\">\n\t\t\t\t\t\t<section class=\"elementor-section elementor-top-section elementor-element elementor-element-5bc7564 elementor-section-boxed elementor-section-height-default elementor-section-height-default\" data-id=\"5bc7564\" data-element_type=\"section\" data-e-type=\"section\" data-settings=\"{&quot;_ha_eqh_enable&quot;:false}\">\n\t\t\t\t\t\t<div class=\"elementor-container elementor-column-gap-default\">\n\t\t\t\t\t<div class=\"elementor-column elementor-col-50 elementor-top-column elementor-element elementor-element-3c11112\" data-id=\"3c11112\" data-element_type=\"column\" data-e-type=\"column\">\n\t\t\t<div class=\"elementor-widget-wrap elementor-element-populated\">\n\t\t\t\t\t\t<div class=\"elementor-element elementor-element-aef4202 elementor-widget elementor-widget-image\" data-id=\"aef4202\" data-element_type=\"widget\" data-e-type=\"widget\" data-widget_type=\"image.default\">\n\t\t\t\t<div class=\"elementor-widget-container\">\n\t\t\t\t\t\t\t\t\t\t\t\t\t\t\t<img fetchpriority=\"high\" decoding=\"async\" width=\"687\" height=\"1024\" src=\"https:\/\/priya.yoga\/priya\/wp-content\/uploads\/2022\/09\/nadine_768.jpg\" class=\"attachment-medium_large size-medium_large wp-image-10079\" alt=\"\" srcset=\"https:\/\/priya.yoga\/priya\/wp-content\/uploads\/2022\/09\/nadine_768.jpg 687w, https:\/\/priya.yoga\/priya\/wp-content\/uploads\/2022\/09\/nadine_768-201x300.jpg 201w\" sizes=\"100vw\" \/>\t\t\t\t\t\t\t\t\t\t\t\t\t\t\t<\/div>\n\t\t\t\t<\/div>\n\t\t\t\t\t<\/div>\n\t\t<\/div>\n\t\t\t\t<div class=\"elementor-column elementor-col-50 elementor-top-column elementor-element elementor-element-0ef47ed\" data-id=\"0ef47ed\" data-element_type=\"column\" data-e-type=\"column\">\n\t\t\t<div class=\"elementor-widget-wrap elementor-element-populated\">\n\t\t\t\t\t\t<div class=\"elementor-element elementor-element-78c9a16 elementor-widget__width-initial elementor-widget elementor-widget-image\" data-id=\"78c9a16\" data-element_type=\"widget\" data-e-type=\"widget\" data-widget_type=\"image.default\">\n\t\t\t\t<div class=\"elementor-widget-container\">\n\t\t\t\t\t\t\t\t\t\t\t\t<figure class=\"wp-caption\">\n\t\t\t\t\t\t\t\t\t\t<img decoding=\"async\" width=\"740\" height=\"555\" src=\"https:\/\/priya.yoga\/priya\/wp-content\/uploads\/2024\/02\/1698661775631-1024x768.png\" class=\"attachment-large size-large wp-image-11143\" alt=\"\" srcset=\"https:\/\/priya.yoga\/priya\/wp-content\/uploads\/2024\/02\/1698661775631-1024x768.png 1024w, https:\/\/priya.yoga\/priya\/wp-content\/uploads\/2024\/02\/1698661775631-300x225.png 300w, https:\/\/priya.yoga\/priya\/wp-content\/uploads\/2024\/02\/1698661775631-768x576.png 768w, https:\/\/priya.yoga\/priya\/wp-content\/uploads\/2024\/02\/1698661775631.png 1280w\" sizes=\"100vw\" \/>\t\t\t\t\t\t\t\t\t\t\t<figcaption class=\"widget-image-caption wp-caption-text\">Praxisraum in Terra Celeste<\/figcaption>\n\t\t\t\t\t\t\t\t\t\t<\/figure>\n\t\t\t\t\t\t\t\t\t<\/div>\n\t\t\t\t<\/div>\n\t\t\t\t<div class=\"elementor-element elementor-element-3f2e7ec elementor-widget__width-initial elementor-widget elementor-widget-image\" data-id=\"3f2e7ec\" data-element_type=\"widget\" data-e-type=\"widget\" data-widget_type=\"image.default\">\n\t\t\t\t<div class=\"elementor-widget-container\">\n\t\t\t\t\t\t\t\t\t\t\t\t<figure class=\"wp-caption\">\n\t\t\t\t\t\t\t\t\t\t<img decoding=\"async\" width=\"740\" height=\"1046\" src=\"https:\/\/priya.yoga\/priya\/wp-content\/uploads\/2026\/01\/1-768x1086.png\" class=\"attachment-medium_large size-medium_large wp-image-12136\" alt=\"\" srcset=\"https:\/\/priya.yoga\/priya\/wp-content\/uploads\/2026\/01\/1-768x1086.png 768w, https:\/\/priya.yoga\/priya\/wp-content\/uploads\/2026\/01\/1-212x300.png 212w, https:\/\/priya.yoga\/priya\/wp-content\/uploads\/2026\/01\/1-724x1024.png 724w, https:\/\/priya.yoga\/priya\/wp-content\/uploads\/2026\/01\/1-1086x1536.png 1086w, https:\/\/priya.yoga\/priya\/wp-content\/uploads\/2026\/01\/1.png 1414w\" sizes=\"100vw\" \/>\t\t\t\t\t\t\t\t\t\t\t<figcaption class=\"widget-image-caption wp-caption-text\">Zugang Praxisraum im Souterrain<\/figcaption>\n\t\t\t\t\t\t\t\t\t\t<\/figure>\n\t\t\t\t\t\t\t\t\t<\/div>\n\t\t\t\t<\/div>\n\t\t\t\t\t<\/div>\n\t\t<\/div>\n\t\t\t\t\t<\/div>\n\t\t<\/section>\n\t\t\t\t<section class=\"elementor-section elementor-top-section elementor-element elementor-element-c1b683e elementor-section-boxed elementor-section-height-default elementor-section-height-default\" data-id=\"c1b683e\" data-element_type=\"section\" data-e-type=\"section\" data-settings=\"{&quot;_ha_eqh_enable&quot;:false}\">\n\t\t\t\t\t\t<div class=\"elementor-container elementor-column-gap-default\">\n\t\t\t\t\t<div class=\"elementor-column elementor-col-100 elementor-top-column elementor-element elementor-element-f25e84d\" data-id=\"f25e84d\" data-element_type=\"column\" data-e-type=\"column\">\n\t\t\t<div class=\"elementor-widget-wrap elementor-element-populated\">\n\t\t\t\t\t\t<div class=\"elementor-element elementor-element-2f97014 elementor-tabs-view-horizontal elementor-widget elementor-widget-tabs\" data-id=\"2f97014\" data-element_type=\"widget\" data-e-type=\"widget\" data-widget_type=\"tabs.default\">\n\t\t\t\t<div class=\"elementor-widget-container\">\n\t\t\t\t\t\t\t<div class=\"elementor-tabs\">\n\t\t\t<div class=\"elementor-tabs-wrapper\" role=\"tablist\" >\n\t\t\t\t\t\t\t\t\t<div id=\"elementor-tab-title-4991\" class=\"elementor-tab-title elementor-tab-desktop-title\" aria-selected=\"true\" data-tab=\"1\" role=\"tab\" tabindex=\"0\" aria-controls=\"elementor-tab-content-4991\" aria-expanded=\"false\">Kann mir geholfen werden?<\/div>\n\t\t\t\t\t\t\t\t\t<div id=\"elementor-tab-title-4992\" class=\"elementor-tab-title elementor-tab-desktop-title\" aria-selected=\"false\" data-tab=\"2\" role=\"tab\" tabindex=\"-1\" aria-controls=\"elementor-tab-content-4992\" aria-expanded=\"false\">Ablauf<\/div>\n\t\t\t\t\t\t\t\t\t<div id=\"elementor-tab-title-4993\" class=\"elementor-tab-title elementor-tab-desktop-title\" aria-selected=\"false\" data-tab=\"3\" role=\"tab\" tabindex=\"-1\" aria-controls=\"elementor-tab-content-4993\" aria-expanded=\"false\">Kosten<\/div>\n\t\t\t\t\t\t\t\t\t<div id=\"elementor-tab-title-4994\" class=\"elementor-tab-title elementor-tab-desktop-title\" aria-selected=\"false\" data-tab=\"4\" role=\"tab\" tabindex=\"-1\" aria-controls=\"elementor-tab-content-4994\" aria-expanded=\"false\">Ort<\/div>\n\t\t\t\t\t\t\t\t\t<div id=\"elementor-tab-title-4995\" class=\"elementor-tab-title elementor-tab-desktop-title\" aria-selected=\"false\" data-tab=\"5\" role=\"tab\" tabindex=\"-1\" aria-controls=\"elementor-tab-content-4995\" aria-expanded=\"false\">Terminvereinbarung<\/div>\n\t\t\t\t\t\t\t\t\t<div id=\"elementor-tab-title-4996\" class=\"elementor-tab-title elementor-tab-desktop-title\" aria-selected=\"false\" data-tab=\"6\" role=\"tab\" tabindex=\"-1\" aria-controls=\"elementor-tab-content-4996\" aria-expanded=\"false\">Qualifikation<\/div>\n\t\t\t\t\t\t\t<\/div>\n\t\t\t<div class=\"elementor-tabs-content-wrapper\" role=\"tablist\" aria-orientation=\"vertical\">\n\t\t\t\t\t\t\t\t\t<div class=\"elementor-tab-title elementor-tab-mobile-title\" aria-selected=\"true\" data-tab=\"1\" role=\"tab\" tabindex=\"0\" aria-controls=\"elementor-tab-content-4991\" aria-expanded=\"false\">Kann mir geholfen werden?<\/div>\n\t\t\t\t\t<div id=\"elementor-tab-content-4991\" class=\"elementor-tab-content elementor-clearfix\" data-tab=\"1\" role=\"tabpanel\" aria-labelledby=\"elementor-tab-title-4991\" tabindex=\"0\" hidden=\"false\"><p style=\"text-align: justify;\"><a href=\"https:\/\/turiya.de\/sat-nam-rasayan\/\" target=\"_blank\" rel=\"noopener\">SAT NAM RASAYAN<\/a>\u00a0bedeutet soviel wie &#8222;Flie\u00dfen der Seele&#8220; und ist eine <strong>meditative Heilkunst<\/strong> in der Tradition des Kundalini Yoga. Es handelt sich um eine energetische Arbeit, bei der ich durch tiefes <strong>Entspannen, Zulassen und F\u00fchlen<\/strong> Energieblockaden im Klienten wahrnehme. Im Zustand stiller Pr\u00e4senz k\u00f6nnen sich diese energetischen Tendenzen aufl\u00f6sen und die Energien im Klienten ausgleichen. So wird der Weg frei, dass <strong>die eigenen Selbstheilungskr\u00e4fte<\/strong> wieder voll wirken k\u00f6nnen und so auf k\u00f6rperlicher, geistiger und seelischer Ebene aus eigener Kraft eine neue Balance entsteht. Da ich w\u00e4hrend der Session mit dem Klienten f\u00fchle und keine Energie sende oder visualisiere, gilt Sat Nam Rasayan als eine sehr sichere Heiltechnik.<\/p><\/div>\n\t\t\t\t\t\t\t\t\t<div class=\"elementor-tab-title elementor-tab-mobile-title\" aria-selected=\"false\" data-tab=\"2\" role=\"tab\" tabindex=\"-1\" aria-controls=\"elementor-tab-content-4992\" aria-expanded=\"false\">Ablauf<\/div>\n\t\t\t\t\t<div id=\"elementor-tab-content-4992\" class=\"elementor-tab-content elementor-clearfix\" data-tab=\"2\" role=\"tabpanel\" aria-labelledby=\"elementor-tab-title-4992\" tabindex=\"0\" hidden=\"hidden\"><p>Nach einem Kennenlernen und pers\u00f6nlichen Gespr\u00e4ch unmittelbar vor der Heilbehandlung darfst Du Dich auf einer Matte bequem ablegen. Ich sitze neben Dir, ber\u00fchre leicht deinen Arm und lasse einen tief-meditativen Zustand zu. Die Session findet in Stille statt und dauert zwischen 30-45 Minuten.\u00a0<\/p><p>Anschlie\u00dfend gibt es die M\u00f6glichkeit f\u00fcr ein gegenseitiges Feedback. Bitte plane f\u00fcr die Session ca. 60-75 Minute ein.<\/p><\/div>\n\t\t\t\t\t\t\t\t\t<div class=\"elementor-tab-title elementor-tab-mobile-title\" aria-selected=\"false\" data-tab=\"3\" role=\"tab\" tabindex=\"-1\" aria-controls=\"elementor-tab-content-4993\" aria-expanded=\"false\">Kosten<\/div>\n\t\t\t\t\t<div id=\"elementor-tab-content-4993\" class=\"elementor-tab-content elementor-clearfix\" data-tab=\"3\" role=\"tabpanel\" aria-labelledby=\"elementor-tab-title-4993\" tabindex=\"0\" hidden=\"hidden\"><p><strong><span style=\"font-size: 12pt;\">108 Euro pro Session (60-75 Minuten) <\/span><\/strong><\/p><p><em><span style=\"font-size: 12pt;\">Erm\u00e4\u00dfigung auf Anfrage m\u00f6glich.\u00a0<\/span><\/em>Zahlung entweder via Paypal an: mail@priya.yoga, in bar vor Ort, Kartenzahlung vor Ort oder via Rechnung.<\/p><\/div>\n\t\t\t\t\t\t\t\t\t<div class=\"elementor-tab-title elementor-tab-mobile-title\" aria-selected=\"false\" data-tab=\"4\" role=\"tab\" tabindex=\"-1\" aria-controls=\"elementor-tab-content-4994\" aria-expanded=\"false\">Ort<\/div>\n\t\t\t\t\t<div id=\"elementor-tab-content-4994\" class=\"elementor-tab-content elementor-clearfix\" data-tab=\"4\" role=\"tabpanel\" aria-labelledby=\"elementor-tab-title-4994\" tabindex=\"0\" hidden=\"hidden\"><p><strong><span style=\"font-size: 12pt;\">Terra Celeste, 53115 Bonn-Poppelsdorf\/ Bennauerstr. 58.<\/span><\/strong><\/p><\/div>\n\t\t\t\t\t\t\t\t\t<div class=\"elementor-tab-title elementor-tab-mobile-title\" aria-selected=\"false\" data-tab=\"5\" role=\"tab\" tabindex=\"-1\" aria-controls=\"elementor-tab-content-4995\" aria-expanded=\"false\">Terminvereinbarung<\/div>\n\t\t\t\t\t<div id=\"elementor-tab-content-4995\" class=\"elementor-tab-content elementor-clearfix\" data-tab=\"5\" role=\"tabpanel\" aria-labelledby=\"elementor-tab-title-4995\" tabindex=\"0\" hidden=\"hidden\"><p><strong><span style=\"font-size: 12pt;\">Terminanfragen m\u00f6glich <\/span>per Whatsapp\/Signal\/Threema oder SMS \u00fcber: 0172- 6279263 oder <\/strong><strong><span style=\"font-size: 12pt;\">per E-Mail an: <span style=\"color: #666699;\"><a style=\"color: #666699;\" href=\"mailto:mail@priya.yoga\" target=\"_blank\" rel=\"noopener\">mail@priya.yoga<\/a>\u00a0<\/span> <span style=\"color: #ff0000;\">\u2665\u2665\u2665<\/span><\/span><\/strong><\/p><p><span style=\"font-size: 10pt;\"><em>Ich weise darauf hin, dass die Behandlung mit Sat Nam Rasayan keinen Arzt, Heilpraktiker oder Therapeuten ersetzt. Ich stelle weder Diagnosen, noch gebe ich Heilversprechen. <br \/><\/em><\/span><\/p><p>Aus formalen Gr\u00fcnden ist es notwendig, dass Sie folgenden Aufkl\u00e4rungsbogen zur Kenntnis nehmen und eine Einverst\u00e4ndiserkl\u00e4rung unterschreiben. Sie k\u00f6nnen das Formular augef\u00fcllt zum Termin mitbringen oder das auch vor Ort unterzeichnen. <a href=\"http:\/\/priya.yoga\/priya\/wp-content\/uploads\/2025\/02\/Einverstaendniserklaerung-und-Auflaerungsbogen_Sat-Nam-Rasayan.pdf\" target=\"_blank\" rel=\"noopener\">Formular zur Ansicht bitte hier klicken!<\/a><\/p><\/div>\n\t\t\t\t\t\t\t\t\t<div class=\"elementor-tab-title elementor-tab-mobile-title\" aria-selected=\"false\" data-tab=\"6\" role=\"tab\" tabindex=\"-1\" aria-controls=\"elementor-tab-content-4996\" aria-expanded=\"false\">Qualifikation<\/div>\n\t\t\t\t\t<div id=\"elementor-tab-content-4996\" class=\"elementor-tab-content elementor-clearfix\" data-tab=\"6\" role=\"tabpanel\" aria-labelledby=\"elementor-tab-title-4996\" tabindex=\"0\" hidden=\"hidden\"><ul style=\"list-style-type: circle;\"><li>Ausbildung in Sat Nam Rasayan Stufe 1 und 2 beginnend seit 2021 bei Schule f\u00fcr Meditation &amp; Heilen: <a href=\"https:\/\/turiya.de\/\" target=\"_blank\" rel=\"noopener\">Turiya.de<\/a> unter Leitung von Sven Butz (DE).<\/li><li>mehrmalige und fortlaufende Teilnahme an Retreats mit <a href=\"https:\/\/www.sat-nam-rasayan.de\/sadhu\/\" target=\"_blank\" rel=\"noopener\">Sadhu Singh (Wien\/Mexiko<\/a>)<\/li><li>mehrmalige Teilnahme an Sat Nam Rasayan Teachings im Rahmen des Europ\u00e4ischen Yogafestivals\/Frankreich<\/li><\/ul><p><span style=\"font-size: 10pt;\"><i>Auch wenn es ein formales Ende gibt, endet der Weg des Lernens und immer tiefer Eintauchens vermutlich nie!<\/i><\/span><\/p><\/div>\n\t\t\t\t\t\t\t<\/div>\n\t\t<\/div>\n\t\t\t\t\t\t<\/div>\n\t\t\t\t<\/div>\n\t\t\t\t\t<\/div>\n\t\t<\/div>\n\t\t\t\t\t<\/div>\n\t\t<\/section>\n\t\t\t\t<section class=\"elementor-section elementor-top-section elementor-element elementor-element-e71d51c elementor-section-boxed elementor-section-height-default elementor-section-height-default\" data-id=\"e71d51c\" data-element_type=\"section\" data-e-type=\"section\" data-settings=\"{&quot;_ha_eqh_enable&quot;:false}\">\n\t\t\t\t\t\t<div class=\"elementor-container elementor-column-gap-default\">\n\t\t\t\t\t<div class=\"elementor-column elementor-col-100 elementor-top-column elementor-element elementor-element-71c28a4\" data-id=\"71c28a4\" data-element_type=\"column\" data-e-type=\"column\">\n\t\t\t<div class=\"elementor-widget-wrap elementor-element-populated\">\n\t\t\t\t\t\t<div class=\"elementor-element elementor-element-586ba6e elementor-widget elementor-widget-google_maps\" data-id=\"586ba6e\" data-element_type=\"widget\" data-e-type=\"widget\" data-widget_type=\"google_maps.default\">\n\t\t\t\t<div class=\"elementor-widget-container\">\n\t\t\t\t\t\t\t<div class=\"elementor-custom-embed\">\n\t\t\t<iframe loading=\"lazy\"\n\t\t\t\t\tsrc=\"https:\/\/maps.google.com\/maps?q=bennauerstr.58%2C%20bonn&#038;t=m&#038;z=14&#038;output=embed&#038;iwloc=near\"\n\t\t\t\t\ttitle=\"bennauerstr.58, bonn\"\n\t\t\t\t\taria-label=\"bennauerstr.58, bonn\"\n\t\t\t><\/iframe>\n\t\t<\/div>\n\t\t\t\t\t\t<\/div>\n\t\t\t\t<\/div>\n\t\t\t\t\t<\/div>\n\t\t<\/div>\n\t\t\t\t\t<\/div>\n\t\t<\/section>\n\t\t\t\t<section class=\"elementor-section elementor-top-section elementor-element elementor-element-b16f952 elementor-section-boxed elementor-section-height-default elementor-section-height-default\" data-id=\"b16f952\" data-element_type=\"section\" data-e-type=\"section\" data-settings=\"{&quot;_ha_eqh_enable&quot;:false}\">\n\t\t\t\t\t\t<div class=\"elementor-container elementor-column-gap-default\">\n\t\t\t\t\t<div class=\"elementor-column elementor-col-100 elementor-top-column elementor-element elementor-element-beb6913\" data-id=\"beb6913\" data-element_type=\"column\" data-e-type=\"column\">\n\t\t\t<div class=\"elementor-widget-wrap elementor-element-populated\">\n\t\t\t\t\t\t<div class=\"elementor-element elementor-element-c30e156 elementor-widget elementor-widget-text-editor\" data-id=\"c30e156\" data-element_type=\"widget\" data-e-type=\"widget\" data-widget_type=\"text-editor.default\">\n\t\t\t\t<div class=\"elementor-widget-container\">\n\t\t\t\t\t\t\t\t\t<p><span style=\"color: #333333;\">[Erfahrungsbericht einer Klientin (Claudia R.)] :\u00a0<\/span><\/p><p style=\"text-align: justify;\"><span style=\"color: #333333;\"><em>&#8222;\u00c4hnlich wie meine ehemalige Haus\u00e4rztin, von der ich Ihnen erz\u00e4hlt habe, umgibt Sie eine ganz besondere Aura mit der Sie den ganzen Raum erf\u00fcllen und die mich sofort hat sp\u00fcren lassen, dass ich dort, wo ich mich gerade befand, genau richtig und gut aufgehoben war. Da war so eine intensive, warme Atmosph\u00e4re im Raum, selbst dann noch, als ich nach der Behandlung diese starke K\u00fchle in meinem K\u00f6rper gesp\u00fcrt habe, die auch den ganzen Tag angehalten hat. Aber wie ich schon am Freitag sagte, war es keine unangenehme K\u00e4lte, sondern eher ein erfrischendes Gef\u00fchl. Die Stille und das Innehalten taten mir sehr gut und ich m\u00f6chte mich ganz herzlich bei Ihnen f\u00fcr die Behandlung, Ihre Kraft und Zeit, die Sie mir geschenkt haben, bedanken.&#8220; <\/em><\/span><\/p>\t\t\t\t\t\t\t\t<\/div>\n\t\t\t\t<\/div>\n\t\t\t\t\t<\/div>\n\t\t<\/div>\n\t\t\t\t\t<\/div>\n\t\t<\/section>\n\t\t\t\t<\/div>\n\t\t","protected":false},"excerpt":{"rendered":"<p>Praxisraum in Terra Celeste Zugang Praxisraum im Souterrain Kann mir geholfen werden? Ablauf Kosten Ort Terminvereinbarung Qualifikation Kann mir geholfen werden? SAT NAM RASAYAN\u00a0bedeutet soviel wie &#8222;Flie\u00dfen der Seele&#8220; und ist eine meditative Heilkunst in der Tradition des Kundalini Yoga. Es handelt sich um eine energetische Arbeit, bei der ich durch tiefes Entspannen, Zulassen und &hellip; <\/p>\n<p class=\"link-more\"><a href=\"https:\/\/priya.yoga\/priya\/sat-nam-rasayan\/\" class=\"more-link\"><span class=\"screen-reader-text\">\u201eYogische Energiearbeit: Sat Nam Rasayan\u201c <\/span>weiterlesen<\/a><\/p>\n","protected":false},"author":1,"featured_media":0,"parent":0,"menu_order":0,"comment_status":"closed","ping_status":"closed","template":"","meta":{"footnotes":""},"class_list":["post-10565","page","type-page","status-publish","hentry"],"_links":{"self":[{"href":"https:\/\/priya.yoga\/priya\/wp-json\/wp\/v2\/pages\/10565","targetHints":{"allow":["GET"]}}],"collection":[{"href":"https:\/\/priya.yoga\/priya\/wp-json\/wp\/v2\/pages"}],"about":[{"href":"https:\/\/priya.yoga\/priya\/wp-json\/wp\/v2\/types\/page"}],"author":[{"embeddable":true,"href":"https:\/\/priya.yoga\/priya\/wp-json\/wp\/v2\/users\/1"}],"replies":[{"embeddable":true,"href":"https:\/\/priya.yoga\/priya\/wp-json\/wp\/v2\/comments?post=10565"}],"version-history":[{"count":233,"href":"https:\/\/priya.yoga\/priya\/wp-json\/wp\/v2\/pages\/10565\/revisions"}],"predecessor-version":[{"id":12142,"href":"https:\/\/priya.yoga\/priya\/wp-json\/wp\/v2\/pages\/10565\/revisions\/12142"}],"wp:attachment":[{"href":"https:\/\/priya.yoga\/priya\/wp-json\/wp\/v2\/media?parent=10565"}],"curies":[{"name":"wp","href":"https:\/\/api.w.org\/{rel}","templated":true}]}}