{"id":675,"date":"2020-08-19T12:21:53","date_gmt":"2020-08-19T12:21:53","guid":{"rendered":"http:\/\/www.mein-kundalini-tagebuch.de\/?page_id=675"},"modified":"2024-08-27T09:51:22","modified_gmt":"2024-08-27T09:51:22","slug":"yoga","status":"publish","type":"page","link":"https:\/\/priya.yoga\/priya\/yoga\/","title":{"rendered":"\u00dcber Kundalini YOGA"},"content":{"rendered":"\t\t<div data-elementor-type=\"wp-page\" data-elementor-id=\"675\" class=\"elementor elementor-675\" data-elementor-settings=\"{&quot;ha_cmc_init_switcher&quot;:&quot;no&quot;}\">\n\t\t\t\t\t\t<section class=\"elementor-section elementor-top-section elementor-element elementor-element-eae2335 elementor-section-boxed elementor-section-height-default elementor-section-height-default\" data-id=\"eae2335\" data-element_type=\"section\" data-e-type=\"section\" data-settings=\"{&quot;_ha_eqh_enable&quot;:false}\">\n\t\t\t\t\t\t<div class=\"elementor-container elementor-column-gap-default\">\n\t\t\t\t\t<div class=\"elementor-column elementor-col-50 elementor-top-column elementor-element elementor-element-c4f5412\" data-id=\"c4f5412\" data-element_type=\"column\" data-e-type=\"column\">\n\t\t\t<div class=\"elementor-widget-wrap elementor-element-populated\">\n\t\t\t\t\t\t<div class=\"elementor-element elementor-element-895cd9b elementor-widget elementor-widget-text-editor\" data-id=\"895cd9b\" data-element_type=\"widget\" data-e-type=\"widget\" data-widget_type=\"text-editor.default\">\n\t\t\t\t<div class=\"elementor-widget-container\">\n\t\t\t\t\t\t\t\t\t\n<div class=\"wp-block-group\">\n<div class=\"wp-block-group__inner-container is-layout-flow wp-block-group-is-layout-flow\">\n<p class=\"has-text-align-left\">\u200b<img fetchpriority=\"high\" decoding=\"async\" class=\"wp-image-2483 size-medium alignleft\" style=\"width: 355px;\" src=\"http:\/\/priya.yoga\/wp-content\/uploads\/2022\/01\/Icon-Kundalini-YOGA05-300x300.jpg\" alt=\"\" width=\"300\" height=\"300\" srcset=\"https:\/\/priya.yoga\/priya\/wp-content\/uploads\/2022\/01\/Icon-Kundalini-YOGA05-300x300.jpg 300w, https:\/\/priya.yoga\/priya\/wp-content\/uploads\/2022\/01\/Icon-Kundalini-YOGA05-150x150.jpg 150w, https:\/\/priya.yoga\/priya\/wp-content\/uploads\/2022\/01\/Icon-Kundalini-YOGA05-768x768.jpg 768w, https:\/\/priya.yoga\/priya\/wp-content\/uploads\/2022\/01\/Icon-Kundalini-YOGA05-100x100.jpg 100w, https:\/\/priya.yoga\/priya\/wp-content\/uploads\/2022\/01\/Icon-Kundalini-YOGA05.jpg 784w\" sizes=\"(max-width: 300px) 100vw, 300px\" \/><\/p>\n<\/div>\n<\/div>\n\n<p><a href=\"http:\/\/priya.yoga\/priya\/wp-content\/uploads\/2020\/10\/Priya.Yoga_10-gute-Gruende-fuer-Kundalini-Yoga.pdf\" target=\"_blank\" rel=\"noreferrer noopener\"><strong>Aha! 10 gute Gr\u00fcnde f\u00fcr Kundalini Yoga (.pdf)<\/strong><\/a><\/p>\n<p>\u00a0<\/p>\n<p>\u00a0<\/p>\n<p>\u00a0<\/p>\n\t\t\t\t\t\t\t\t<\/div>\n\t\t\t\t<\/div>\n\t\t\t\t\t<\/div>\n\t\t<\/div>\n\t\t\t\t<div class=\"elementor-column elementor-col-50 elementor-top-column elementor-element elementor-element-27c85d7\" data-id=\"27c85d7\" data-element_type=\"column\" data-e-type=\"column\">\n\t\t\t<div class=\"elementor-widget-wrap elementor-element-populated\">\n\t\t\t\t\t\t<div class=\"elementor-element elementor-element-70c8272 elementor-widget elementor-widget-text-editor\" data-id=\"70c8272\" data-element_type=\"widget\" data-e-type=\"widget\" data-widget_type=\"text-editor.default\">\n\t\t\t\t<div class=\"elementor-widget-container\">\n\t\t\t\t\t\t\t\t\t<p style=\"text-align: justify;\"><span style=\"font-family: tahoma, arial, helvetica, sans-serif;\">Kundalini Yoga ist ein intensiver Yogastil und gilt als die h\u00f6chste Technik, um dein Bewusstsein zu erwecken und dich zu deinem wahren Selbst zu bringen. Durch den gezieltem Einsatz von Asanas, Atem, Mudras, K\u00f6rperschleusen (Bandhas) und Mantras wird eine sch\u00f6pferische Urkraft (Kundalini Energie) in dir freigesetzt, die K\u00f6rper, Geist und Seele in Einklang bringt. Dann entfaltest du dein volles Potenzial und kannst die Herausforderungen des Alltags besser meistern!<\/span><\/p>\n<p style=\"text-align: justify;\"><span style=\"font-family: tahoma, arial, helvetica, sans-serif; font-size: 12pt;\">In der Praxis ist Kundalini Yoga ein tantrischer Yogastil, der sehr mit den Gegens\u00e4tzen von Anspannung und Entspannung spielt. Dynamische \u00dcbungen laden dich dazu ein, die Lebendigkeit deines K\u00f6rpers zu sp\u00fcren und deinen Geist (Gedanken und Gef\u00fchle) zu mehr Klarheit anzuregen. Als Gegenpol dient eine lange, tiefe Entspannung am Ende jeder Yogastunde. Musik und das Chanten von spirituellen Liedern (z.T. mit Gitarre\/ Harmonium begleitet) ist ein wesentliches Element, um deine Energien ins Flie\u00dfen zu bringen. Die gesundheitsf\u00f6rderliche Wirkung jeder \u00dcbung auf K\u00f6rper und Geist wird w\u00e4hrend der Stunde von mir benannt bzw. erl\u00e4utert. <\/span><\/p>\n<p style=\"text-align: justify;\"><span style=\"font-family: tahoma, arial, helvetica, sans-serif; font-size: 12pt;\">Tantrisch bedeutet in diesem Zusammenhang:\u00a0 kein R\u00fcckzug von der Welt. Du nutzt vielmehr Alles was um dich herum passiert, um dich tiefer zu erkennen und als Teil des gro\u00dfen Ganzen zu erfahren. Du erkennst, dass Alles &#8211; ausnahmslos &#8211; ein heiliger Moment ist. Dann l\u00f6st sich jedes Konzept von Schuld auf. Es gibt auch nichts, wonach du streben musst, denn Du bist schon vollkommen. Die Frage ist: was lenkt Dich vom Erkennen deiner Vollkommenheit ab? Ein Weg dahin ist Kundalini Yoga und Kontemplation. <\/span><\/p>\n<p><!-- \/wp:paragraph --><!-- wp:paragraph {\"style\":{\"color\":{\"background\":\"#e4f2f8\"}}} --><\/p>\n<p><!-- \/wp:paragraph --><!-- wp:paragraph --><\/p>\n<p>\u00a0<\/p>\t\t\t\t\t\t\t\t<\/div>\n\t\t\t\t<\/div>\n\t\t\t\t\t<\/div>\n\t\t<\/div>\n\t\t\t\t\t<\/div>\n\t\t<\/section>\n\t\t\t\t<section class=\"elementor-section elementor-top-section elementor-element elementor-element-69a13e5a elementor-section-boxed elementor-section-height-default elementor-section-height-default\" data-id=\"69a13e5a\" data-element_type=\"section\" data-e-type=\"section\" data-settings=\"{&quot;_ha_eqh_enable&quot;:false}\">\n\t\t\t\t\t\t<div class=\"elementor-container elementor-column-gap-default\">\n\t\t\t\t\t<div class=\"elementor-column elementor-col-100 elementor-top-column elementor-element elementor-element-528efca2\" data-id=\"528efca2\" data-element_type=\"column\" data-e-type=\"column\">\n\t\t\t<div class=\"elementor-widget-wrap\">\n\t\t\t\t\t\t\t<\/div>\n\t\t<\/div>\n\t\t\t\t\t<\/div>\n\t\t<\/section>\n\t\t\t\t<\/div>\n\t\t","protected":false},"excerpt":{"rendered":"<p>\u200b Aha! 10 gute Gr\u00fcnde f\u00fcr Kundalini Yoga (.pdf) \u00a0 \u00a0 \u00a0 Kundalini Yoga ist ein intensiver Yogastil und gilt als die h\u00f6chste Technik, um dein Bewusstsein zu erwecken und dich zu deinem wahren Selbst zu bringen. Durch den gezieltem Einsatz von Asanas, Atem, Mudras, K\u00f6rperschleusen (Bandhas) und Mantras wird eine sch\u00f6pferische Urkraft (Kundalini Energie) &hellip; <\/p>\n<p class=\"link-more\"><a href=\"https:\/\/priya.yoga\/priya\/yoga\/\" class=\"more-link\"><span class=\"screen-reader-text\">\u201e\u00dcber Kundalini YOGA\u201c <\/span>weiterlesen<\/a><\/p>\n","protected":false},"author":1,"featured_media":0,"parent":0,"menu_order":0,"comment_status":"closed","ping_status":"closed","template":"","meta":{"footnotes":""},"class_list":["post-675","page","type-page","status-publish","hentry"],"_links":{"self":[{"href":"https:\/\/priya.yoga\/priya\/wp-json\/wp\/v2\/pages\/675","targetHints":{"allow":["GET"]}}],"collection":[{"href":"https:\/\/priya.yoga\/priya\/wp-json\/wp\/v2\/pages"}],"about":[{"href":"https:\/\/priya.yoga\/priya\/wp-json\/wp\/v2\/types\/page"}],"author":[{"embeddable":true,"href":"https:\/\/priya.yoga\/priya\/wp-json\/wp\/v2\/users\/1"}],"replies":[{"embeddable":true,"href":"https:\/\/priya.yoga\/priya\/wp-json\/wp\/v2\/comments?post=675"}],"version-history":[{"count":3,"href":"https:\/\/priya.yoga\/priya\/wp-json\/wp\/v2\/pages\/675\/revisions"}],"predecessor-version":[{"id":11387,"href":"https:\/\/priya.yoga\/priya\/wp-json\/wp\/v2\/pages\/675\/revisions\/11387"}],"wp:attachment":[{"href":"https:\/\/priya.yoga\/priya\/wp-json\/wp\/v2\/media?parent=675"}],"curies":[{"name":"wp","href":"https:\/\/api.w.org\/{rel}","templated":true}]}}